common divisor of f and 21?
3
Let w(u) = -67*u - 4. Let s be w(-2). What is the greatest common factor of s and 78?
26
Suppose 4*c - 8*c + 460 = 0. Let w be (-1 - -2)/(2/92). Calculate the highest common divisor of w and c.
23
Suppose -4*z + 211 + 317 = 0. Suppose z = 14*k - 11*k. Let n(l) = 2*l - 2. Let a be n(3). Calculate the highest common divisor of k and a.
4
Suppose -3866 + 10466 = 5*l. Suppose 0 = 6*j - j - l. What is the highest common factor of 24 and j?
24
Suppose 10*v - 5*v + c - 321 = 0, 0 = 5*v + 3*c - 313. Calculate the greatest common divisor of v and 325.
65
Suppose 4*i = -2*h + 72, -2*i - 5*h - 6 = -50. Suppose -3*w - 2 = 4. Let o be (-69)/w + 1/(-2). What is the greatest common divisor of o and i?
17
Suppose 3*h + 8 = 7*h. Suppose -10*f + 624 = h*f. What is the highest common divisor of f and 4?
4
Let f be (-2630)/(-110) - (-2)/22. What is the highest common factor of 48 and f?
24
Let b(d) = 4*d - 12. Let a be b(6). Let m = -83 - -119. Calculate the greatest common divisor of a and m.
12
Suppose -3*l + 4 = -l. Let g = 236 + -238. Let f be 438/20 + g/(-20). Calculate the highest common divisor of l and f.
2
Let c be (-17 + 23)*(0 + (-70)/(-4)). Calculate the highest common divisor of 63 and c.
21
Suppose -81*a + 2090 = -988. Let i(h) = -39*h**3 - h**2 - h - 1. Let f be i(-1). Calculate the greatest common factor of a and f.
38
Let k(g) = 9 - 9 + 34 - 10 + g. Let d(u) = u**2 + 5*u. Let n be d(-5). Let j be k(n). What is the highest common factor of 8 and j?
8
Let t(g) = 6*g**3 - g. Let c = -12 - 4. Let a = 17 + c. Let m be t(a). What is the greatest common factor of m and 25?
5
Let f(m) = m**3 - 7*m**2 + 10*m - 14. Let h be f(7). Let r = h - 30. What is the greatest common divisor of r and 169?
13
Suppose 0 = -3*j + 9 + 3. Suppose 5*u - 17 = -2*d, d + 0*d + j*u = 4. Calculate the highest common factor of 64 and d.
16
Let j be (11/(-22))/((-2)/52). Suppose j*z + 125 = 18*z. Suppose -3 = -4*k + z. Calculate the highest common factor of 1 and k.
1
Let d be (-3454)/(-6) + (200/30)/20. What is the greatest common factor of 72 and d?
72
Let r = -13 - -6. Let q = r - -9. Suppose 27 = q*u - 29. Calculate the greatest common divisor of 28 and u.
28
Suppose 18*j - 30*j = -816. Let x = 47 + -30. What is the greatest common divisor of j and x?
17
Suppose 11 = 3*i - 4. Calculate the highest common divisor of 230 and i.
5
Let h be ((-2)/(6/57))/(-1). Suppose h*x - 1144 = 15*x. What is the highest common divisor of 26 and x?
26
Suppose 0 = 3*t + 3*a - 42, 5*t - 3*a = -6*a + 76. Let f(g) = g**2 + 28*g + 246. Let j be f(-15). What is the greatest common divisor of t and j?
17
Suppose z - 3*c = -49, 7*z = 2*z + 3*c - 305. Let g be (3/(-2))/(4/z*3). Calculate the highest common divisor of g and 6.
2
Suppose -6 = -2*b - 2. Suppose -2*k + 29 = i, 0*i + k = -b*i + 73. Let h be -26*(3/(-2) + 1). Calculate the highest common divisor of h and i.
13
Suppose 2*g = 3*g - 30. Let u(d) = -4*d - 72. Let o be u(-42). Let z = o + g. What is the highest common factor of z and 14?
14
Let k(n) = -n**3 + 10*n**2 + 14*n + 12. Let h be k(12). Let m be (h/(-45))/((-6)/(-260)). Calculate the greatest common factor of m and 13.
13
Let p be 5/((-45)/(-604)) + (-11)/99. Calculate the greatest common factor of p and 268.
67
Let g(i) = 32*i + 12. Let t be g(0). What is the greatest common divisor of 6 and t?
6
Let z be (-140)/(-65) - (-6)/(-39). Suppose 0 = -3*j - z*j + 50. Let u be (j/30)/((-1)/(-66)). What is the highest common factor of 55 and u?
11
Let g(z) = z**3 + 20*z**2 + 14*z - 14. Let c be g(-19). Calculate the greatest common divisor of 27 and c.
27
Suppose -2*d + 148 = d - 4*b, 2*d - 117 = -b. Let c(n) = -n**2 - 4*n + 85. Let l be c(7). Calculate the highest common factor of d and l.
8
Suppose -780 = 4*f - 8*f. Let a be (-4 - -1) + f - 3. Calculate the highest common divisor of 21 and a.
21
Let w be 52/3 + 4/6. Suppose -110*q - 335 = -2315. What is the highest common divisor of q and w?
18
Suppose -4*w - 3*d = 2*d - 7, 0 = -w + 5*d - 17. Let y(v) = -45*v**3 - 3*v**2 + 3. Let n be y(w). What is the greatest common divisor of n and 39?
39
Let y be (8/14)/(9/63). Let r = 7 - 6. What is the greatest common factor of y and r?
1
Suppose -3068 = -35*n + 2077. What is the highest common divisor of 28 and n?
7
Suppose 2*i = 2*w - 52, -3*i = -w - 4*i + 32. Let d = -54 - -83. What is the greatest common divisor of d and w?
29
Suppose 5*j - 109 = -34. Calculate the greatest common factor of j and 660.
15
Let n be 6/(42/(-7)) - (-118 - 0). Let f = n + -107. What is the highest common divisor of 10 and f?
10
Let y be 1*43 + (-2 - -2). Suppose 22704 = -4412*m + 4460*m. Calculate the greatest common divisor of y and m.
43
Let l = 303 + -273. What is the highest common factor of l and 18?
6
Suppose -1213 + 13 = -16*n. Calculate the highest common divisor of 300 and n.
75
Let p(o) = -o - 8. Let s be p(-10). Let f be 0 + s/(-2) + 5. Let k = 20 + -12. What is the highest common divisor of k and f?
4
Suppose -2*a + 10 = -10. Let y be 6*-3*a/(-15). Calculate the greatest common divisor of y and 4.
4
Let c be 3/((-3)/(-20))*(3 + -2). Let i(p) = -p. Let z be i(-2). Suppose -s - z*s = -30. Calculate the greatest common factor of s and c.
10
Let u be (-21)/(882/(-28)) + 37/3. Calculate the highest common divisor of u and 1625.
13
Suppose -2*l + 117 = -p, -5*p - 44 = -2*l + 93. What is the greatest common factor of 574 and l?
14
Let m(f) be the third derivative of -f**6/120 + f**5/60 - f**4/24 + 5*f**3/3 - 11*f**2. Let q be m(0). What is the highest common factor of q and 10?
10
Let l be 2/((2/5)/((-4)/20)). Let c be (l - -4)*21/(-9)*-9. Calculate the highest common divisor of 42 and c.
21
Let b(m) = m**2 + 12*m. Let v be b(8). Suppose -38 = -6*g + v. Calculate the highest common divisor of 11 and g.
11
Suppose -m = -14 + 2. Suppose f - 19 = 32. Suppose 2*g - 21 = f. Calculate the highest common factor of g and m.
12
Let y(f) = 3*f**2 - 38*f + 30. Let x be y(16). Suppose 774 = 4*s - u - x, 3*u = -12. What is the greatest common factor of s and 60?
60
Suppose 3*q = q + 4. Suppose -a = a - 8, 2*a = -q*j + 98. Calculate the greatest common divisor of 45 and j.
45
Suppose 0 = -3*u + 5*u - 5*t - 181, -113 = -u - 5*t. Let n be (6/4)/((-27)/(-252)). Calculate the highest common divisor of u and n.
14
Let s be 6/(-4)*(3 - 5). Suppose s*r + b = 670 - 92, 3*b = 6. Let l = r - 111. Calculate the greatest common factor of 9 and l.
9
Suppose k + 5*k = 3216. What is the highest common divisor of k and 67?
67
Let d be -4 + -7*(-19 - 0). Let m = d - 37. What is the greatest common divisor of m and 4?
4
Let g = 82 + -25. What is the greatest common factor of g and 95?
19
Suppose -4*v - 3*j = -480, -2*j - 240 = -2*v + j. Calculate the highest common divisor of 64 and v.
8
Let p(l) be the third derivative of 3*l**4/4 + l**3/3 - 23*l**2. Let d be p(3). What is the greatest common divisor of 14 and d?
14
Let n be 0*3/(-12) - 17. Let c = 86 + n. What is the highest common factor of c and 23?
23
Suppose -247 = -5*s + 2*i, 4*i + 0*i = 3*s - 137. Suppose u = 5*n - 165, 87*n - 4*u = 88*n - 54. Calculate the greatest common factor of n and s.
17
Let y(w) = -3*w + 1. Let g be y(-3). Suppose -2*z - 46 - 81 = -5*k, k + z - 24 = 0. What is the greatest common divisor of k and g?
5
Let f = -5 + 19. Let q(w) = w + 10. Let b be q(-6). Suppose -4*j = 2*c - 353 - 95, -b*j - c = -448. Calculate the highest common divisor of j and f.
14
Suppose 5*n - 3*i = -0*i + 753, -i - 301 = -2*n. Suppose -4*t + n = t - 5*x, 2*t - 3*x - 58 = 0. Calculate the highest common divisor of 352 and t.
32
Suppose 65*t + 7 = 64*t, -b - 4*t - 19 = 0. Let p be (6/4)/(2/48). Calculate the greatest common divisor of b and p.
9
Suppose -5*s = -6 + 101. Let n = 1 - s. What is the highest common divisor of n and 4?
4
Suppose b + 2 - 70 = 4*w, -2*b + 151 = -3*w. Let t = b - -19. Suppose 0 = -2*u - 3 + 21. What is the greatest common factor of t and u?
9
Let g = 109 - 107. Let w = -5 - -8. Suppose -z = -3*h - 72, -h - g*h = -w*z + 222. What is the highest common divisor of z and 15?
15
Let z = 60 + 16. Suppose -4*s - 3*w = -79, s - z = -3*s - 4*w. What is the highest common factor of 44 and s?
22
Let f be (-47)/2 + 5/10. Let d = -17 - f. Let j(l) = 